hat is -23a - -4?
-236
In base 14, what is 0 - 39b?
-39b
In base 4, what is 10 - 22220003?
-22213333
In base 16, what is aef + -11?
ade
In base 15, what is 4 - -1aca?
1ace
In base 5, what is 4323112 - 4?
4323103
In base 5, what is 3010 - -4404?
12414
In base 14, what is 126c - 27?
1245
In base 15, what is -1ee8 - -258?
-1c90
In base 6, what is -54422034 + 1?
-54422033
In base 3, what is -102211122202 + -1?
-102211122210
In base 2, what is -1110001001100 - 1100?
-1110001011000
In base 14, what is 226a - 1?
2269
In base 13, what is 5 + -a55b?
-a556
In base 16, what is 26d + 1ae?
41b
In base 7, what is 453 - -54?
540
In base 4, what is 2111030011 + -20?
2111023331
In base 16, what is 7bb05 + -1?
7bb04
In base 12, what is -79416 - 2?
-79418
In base 2, what is 0 + 11011010000001111?
11011010000001111
In base 3, what is -111000211 + 0?
-111000211
In base 12, what is -351b + 67?
-3474
In base 2, what is 10110101 - 11011?
10011010
In base 12, what is -15280 + -41?
-15301
In base 10, what is 1 - -461455?
461456
In base 6, what is 20044 + 5?
20053
In base 10, what is -2 - -19115?
19113
In base 11, what is -204a + -2a5?
-2344
In base 12, what is -2 - -56233?
56231
In base 16, what is -143b + -2f?
-146a
In base 15, what is -2 - -13a7e?
13a7c
In base 9, what is 716485 - -5?
716501
In base 15, what is -105 + -2a9?
-3ae
In base 13, what is 1 - -2355a?
2355b
In base 9, what is 127 - -3567?
3705
In base 5, what is -440230333 + -3?
-440230341
In base 16, what is -a - 2816?
-2820
In base 7, what is -51115 - 4?
-51122
In base 4, what is -2331 + 1310110?
1301113
In base 15, what is 1725 + -20?
1705
In base 11, what is -4 + -71455?
-71459
In base 2, what is -1010011111 - -1011100?
-1001000011
In base 11, what is 40967 + -2?
40965
In base 9, what is 16155 + 7?
16163
In base 13, what is 5 - -1229?
1231
In base 3, what is -1200110012 - -100?
-1200102212
In base 3, what is 1121020 + 12?
1121102
In base 2, what is 100110101001111101 - 101?
100110101001111000
In base 7, what is -622322 + -14?
-622336
In base 16, what is -9b24 - 5?
-9b29
In base 9, what is -28 + -1077?
-1116
In base 8, what is -2 - -17336?
17334
In base 5, what is -2 + 21401102?
21401100
In base 13, what is 84c + -4?
848
In base 9, what is 2264234 + 0?
2264234
In base 4, what is -11331030103 + -2?
-11331030111
In base 4, what is 21 + -33010?
-32323
In base 15, what is 3eb9 - 6?
3eb3
In base 10, what is -3 + -61642?
-61645
In base 2, what is 1000111011101011001 - 0?
1000111011101011001
In base 2, what is -100 + 100111101000101011?
100111101000100111
In base 10, what is -46 + 27705?
27659
In base 12, what is -1 + -16839?
-1683a
In base 2, what is 11 + -1010001111001010010?
-1010001111001001111
In base 8, what is 2143 + -33?
2110
In base 10, what is 24089 + -78?
24011
In base 11, what is -1262 - -1?
-1261
In base 3, what is 11201 + -11002?
122
In base 13, what is 3b0 - -2673?
2a53
In base 7, what is -204532 - -202?
-204330
In base 3, what is -10221220 - 102211?
-11101201
In base 4, what is -1032200 - -13132?
-1013002
In base 15, what is 4bac - -4b?
4c08
In base 7, what is -10 - 354354?
-354364
In base 6, what is 5 - -11124421?
11124430
In base 5, what is 2413 - 144?
2214
In base 4, what is -11 - -12122323?
12122312
In base 10, what is 22355 - -4?
22359
In base 10, what is -40 + 1905?
1865
In base 8, what is 236 - -1775?
2233
In base 11, what is -4 + -3203a?
-32043
In base 3, what is -1 + -1010122202?
-1010122210
In base 14, what is 4 - -469b?
46a1
In base 4, what is -3 - 2320302?
-2320311
In base 10, what is -2 + -617607?
-617609
In base 6, what is 1420154 + 3?
1420201
In base 6, what is -254220 + -4?
-254224
In base 5, what is -33 - 323100?
-323133
In base 2, what is 10 + -1111111110000?
-1111111101110
In base 3, what is -20 + 112201112?
112201022
In base 6, what is -112454 + -3?
-112501
In base 14, what is 5 + 1798?
179d
In base 14, what is -3985 + 52?
-3933
In base 4, what is 200 + 33130?
33330
In base 16, what is -7 - 584d?
-5854
In base 8, what is 440 - 700?
-240
In base 13, what is 9 - 1148?
-113c
In base 7, what is 244242 - -34?
244306
In base 15, what is 8a5a - -4?
8a5e
In base 3, what is -2201000012 + -1210?
-2201001222
In base 16, what is b + 15dd3?
15dde
In base 13, what is -1 + -109883?
-109884
In base 12, what is 583a3 - -2?
583a5
In base 15, what is -771 - -1a?
-756
In base 12, what is b5 + 352?
447
In base 4, what is -3013 - 1011221?
-1020300
In base 8, what is -47 - -6731?
6662
In base 9, what is 2136265 + 1?
2136266
In base 14, what is d1250 + 0?
d1250
In base 14, what is 1 - 974a?
-9749
In base 2, what is -10 + -11010110010011101?
-11010110010011111
In base 14, what is 7 - -3a2?
3a9
In base 11, what is -55181 + -23?
-551a4
In base 2, what is -10101010000 - -10000000?
-10011010000
In base 8, what is 2553 + 765?
3540
In base 11, what is -9a2a9 - -5?
-9a2a4
In base 15, what is -5e9 + -332?
-92b
In base 2, what is 100001100000100 - 100?
100001100000000
In base 14, what is -2 - 746bc?
-746c0
In base 3, what is -1 - 10022102101?
-10022102102
In base 14, what is 5 - 1c903?
-1c8dc
In base 5, what is 3 + 30130?
30133
In base 10, what is 1356 - -374?
1730
In base 14, what is -5d1562 + 5?
-5d155b
In base 13, what is -1 - 37792?
-37793
In base 13, what is -3398 + 2?
-3396
In base 15, what is -73 - 24?
-97
In base 14, what is -3 + 5a79?
5a76
In base 4, what is 0 + 322220223?
322220223
In base 6, what is -11 - 202244?
-202255
In base 5, what is 22432 - 14111?
3321
In base 13, what is 1a7 + 1a26?
1c00
In base 3, what is 221212002 + 10211?
221222220
In base 15, what is 4 + -10b53?
-10b4e
In base 7, what is -1055416 + 1?
-1055415
In base 5, what is 331040 - 2210?
323330
In base 13, what is 5 + 7b325?
7b32a
In base 2, what is -1100011 - 101111111111?
-110001100010
In base 7, what is 624341 + -60?
624251
In base 13, what is 36b - -22?
390
In base 6, what is 32221 - 1?
32220
In base 14, what is 160 + -84?
ba
In base 16, what is 10 + -1a7f?
-1a6f
In base 6, what is 30 + 5211?
5241
In base 9, what is 138 - 874?
-735
In base 4, what is 3 + -322302121?
-322302112
In base 11, what is 5282 + -56?
5227
In base 3, what is 102211 + -222112?
-112201
In base 8, what is -122 - 100?
-222
In base 12, what is 144 + 6ab?
833
In base 9, what is 1878 - 1077?
801
In base 8, what is -2155 + -142?
-2317
In base 3, what is -2011110 - -21210?
-1212200
In base 11, what is 908169 + -1?
908168
In base 16, what is -1 - -28cd?
28cc
In base 12, what is 7a0a - 2?
7a08
In base 5, what is -223133012 + -1?
-223133013
In base 12, what is -279 + -2365?
-2622
In base 14, what is c7 + -382?
-299
In base 8, what is -1510 + 207?
-1301
In base 5, what is 2121 - -2011?
4132
In base 16, what is 12563 + 1a?
1257d
In base 10, what is -16034 - -6?
-16028
In base 10, what is -12944 + 2?
-12942
In base 9, what is 5 - -14661?
14666
In base 9, what is -56 - -8106?
8040
In base 8, what is 565135 + 2?
565137
In base 7, what is -2 + 123566?
123564
In base 11, what is -44169 + -2?
-44170
In base 4, what is -2312312 + 10?
-2312302
In base 14, what is 6010 - -6?
6016
In base 9, what is 2356203 + -2?
2356201
In base 4, what is 30 + -1021110?
-1021020
In base 2, what is -1000 + -11010000010001000?
-11010000010010000
In base 8, what is 11 - 517?
-506
In base 9, what is -236 + 55?
-171
In base 5, what is 3 + -300323?
-300320
In base 3, what is 110 + -22100001122?
-22100001012
In base 12, what is -4 + -489?
-491
In base 5, what is -20 - -2344332?
2344312
In base 6, what is -1251353 + 2?
-1251351
In base 15, what is c38 - 15?
c23
In base 13, what is -111bab - 1?
-111bac
In base 5, what is 1 + -101101300?
-101101244
In base 13, what is b - -35a50?
35a5b
In base 16, what is 2cf1 - -9?
2cfa
In base 10, what is 94297 + -1?
94296
In base 12, what is 1 + 84407?
84408
In base 13, what is -1 - 565b?
-565c
In base 14, what is -a - 10c21?
-10c2b
In base 13, what is -5 - -c102a?
c1025
In base 6, what is 5020 + -12?
5004
In base 16, what is 5 - -23dfa?
23dff
In base 16, what is -32b - -397?
6c
In base 10, what is 310 + 841?
1151
In base 15, what is 8b - -b2?
14d
In base 3, what is -1000 - 1001120?
-1002120
In base 14, what is -4a - 64a?
-696
In base 7, what is 115146 - -10?
115156
In base 3, what is 10 - 11101021?
-11101011
In base 9, what is -2344 - 24?
-2368
In base 2, what 